mmon divisor of 14 and 469?
7
Calculate the greatest common divisor of 176 and 99.
11
What is the highest common divisor of 6 and 51?
3
What is the greatest common divisor of 1883 and 21?
7
What is the highest common factor of 120 and 210?
30
Calculate the highest common factor of 16 and 324.
4
What is the greatest common factor of 16 and 16?
16
What is the greatest common factor of 162 and 108?
54
Calculate the greatest common divisor of 44 and 12.
4
Calculate the highest common factor of 3210 and 10.
10
Calculate the highest common factor of 165 and 1365.
15
What is the highest common factor of 11248 and 32?
16
Calculate the highest common divisor of 1938 and 6.
6
What is the greatest common divisor of 188 and 15510?
94
What is the highest common factor of 36 and 132?
12
What is the highest common divisor of 1332 and 144?
36
Calculate the highest common factor of 13 and 3523.
13
Calculate the greatest common factor of 473 and 43.
43
What is the highest common divisor of 3703 and 322?
161
Calculate the highest common divisor of 234 and 78.
78
What is the greatest common divisor of 767 and 377?
13
What is the greatest common factor of 10703 and 121?
11
Calculate the highest common factor of 304 and 114.
38
What is the highest common factor of 15 and 345?
15
Calculate the highest common factor of 252 and 532.
28
What is the highest common divisor of 102 and 10?
2
What is the greatest common divisor of 44 and 286?
22
What is the greatest common divisor of 312 and 1716?
156
What is the greatest common divisor of 31 and 31?
31
Calculate the greatest common factor of 27120 and 24.
24
What is the highest common divisor of 1890 and 70?
70
What is the greatest common divisor of 9526 and 88?
22
Calculate the greatest common factor of 1899 and 54.
9
What is the highest common divisor of 24 and 42?
6
Calculate the greatest common factor of 4275 and 114.
57
Calculate the greatest common factor of 118 and 1357.
59
Calculate the greatest common factor of 54138 and 84.
42
Calculate the greatest common factor of 3685 and 469.
67
Calculate the greatest common divisor of 328 and 246.
82
Calculate the greatest common divisor of 385 and 1001.
77
Calculate the greatest common divisor of 85 and 2176.
17
What is the highest common divisor of 75 and 105?
15
What is the highest common factor of 230 and 3887?
23
What is the greatest common divisor of 69153 and 111?
111
What is the highest common divisor of 72 and 1152?
72
What is the greatest common factor of 66 and 99?
33
What is the highest common factor of 391 and 51?
17
What is the greatest common factor of 969 and 7429?
323
What is the greatest common divisor of 705 and 5217?
141
What is the highest common factor of 6 and 6054?
6
What is the greatest common factor of 329 and 188?
47
What is the greatest common factor of 315 and 2394?
63
Calculate the greatest common divisor of 39 and 3627.
39
What is the greatest common divisor of 169 and 871?
13
What is the greatest common factor of 300 and 2820?
60
Calculate the greatest common divisor of 60 and 1135.
5
Calculate the greatest common factor of 576 and 2088.
72
Calculate the greatest common divisor of 41 and 1312.
41
What is the greatest common divisor of 39 and 33?
3
What is the highest common factor of 142 and 6106?
142
What is the highest common divisor of 1296 and 6237?
81
What is the greatest common divisor of 174 and 754?
58
Calculate the greatest common divisor of 1363 and 188.
47
What is the highest common divisor of 49 and 4410?
49
What is the greatest common factor of 25 and 350?
25
Calculate the highest common factor of 50 and 480.
10
What is the highest common divisor of 9000 and 50?
50
Calculate the highest common factor of 60 and 40.
20
What is the greatest common divisor of 26 and 1183?
13
Calculate the greatest common divisor of 629 and 37.
37
What is the greatest common divisor of 56 and 5068?
28
Calculate the highest common factor of 3813 and 279.
93
Calculate the greatest common factor of 6520 and 160.
40
What is the greatest common factor of 14 and 12?
2
Calculate the greatest common divisor of 24 and 14568.
24
Calculate the highest common factor of 35 and 5.
5
What is the highest common factor of 162 and 2673?
81
Calculate the highest common factor of 104 and 16.
8
What is the greatest common factor of 72527 and 91?
91
What is the greatest common divisor of 360 and 510?
30
What is the greatest common factor of 19 and 4997?
19
What is the greatest common factor of 86 and 4042?
86
Calculate the greatest common divisor of 200 and 25.
25
What is the greatest common factor of 5 and 2155?
5
What is the highest common factor of 73 and 6643?
73
What is the greatest common factor of 768 and 2892?
12
What is the greatest common factor of 15 and 1515?
15
Calculate the greatest common factor of 30 and 700.
10
Calculate the highest common divisor of 2923 and 148.
37
Calculate the highest common divisor of 23808 and 60.
12
What is the highest common factor of 18 and 3573?
9
What is the greatest common factor of 29926 and 26?
26
Calculate the highest common factor of 1178 and 62.
62
What is the highest common factor of 3185 and 65?
65
What is the highest common divisor of 28 and 217?
7
Calculate the highest common factor of 1995 and 49.
7
Calculate the highest common factor of 19890 and 170.
170
What is the highest common factor of 16 and 568?
8
What is the highest common factor of 2815 and 5?
5
What is the greatest common factor of 1264 and 64?
16
Calculate the highest common factor of 175 and 5.
5
Calculate the highest common divisor of 77 and 23639.
77
What is the highest common factor of 594 and 22?
22
What is the highest common factor of 3136 and 49?
49
What is the highest common factor of 280 and 875?
35
Calculate the greatest common factor of 4539 and 1068.
267
Calculate the greatest common divisor of 4 and 1396.
4
What is the highest common factor of 11109 and 105?
21
Calculate the highest common divisor of 3392 and 1113.
53
Calculate the greatest common factor of 1568 and 1323.
49
Calculate the highest common factor of 820 and 2706.
82
What is the greatest common divisor of 76 and 266?
38
What is the greatest common divisor of 36 and 144?
36
What is the greatest common divisor of 34 and 1241?
17
What is the greatest common divisor of 210 and 42?
42
Calculate the greatest common divisor of 564 and 2444.
188
Calculate the greatest common divisor of 25 and 24425.
25
Calculate the highest common divisor of 1568 and 3724.
196
What is the highest common factor of 20745 and 30?
15
Calculate the greatest common factor of 1671 and 7.
1
Calculate the highest common divisor of 351 and 273.
39
Calculate the highest common factor of 42 and 30.
6
What is the greatest common factor of 2592 and 81?
81
What is the greatest common divisor of 36 and 36?
36
Calculate the greatest common factor of 134 and 4288.
134
What is the highest common factor of 14 and 28?
14
Calculate the greatest common factor of 36 and 171.
9
Calculate the greatest common divisor of 1127 and 1288.
161
What is the highest common divisor of 19 and 152?
19
Calculate the greatest common factor of 2 and 27.
1
What is the greatest common divisor of 92 and 8924?
92
What is the highest common divisor of 1662 and 6?
6
Calculate the highest common factor of 54 and 3213.
27
What is the highest common divisor of 14359 and 83?
83
What is the highest common divisor of 54860 and 130?
130
What is the highest common factor of 296 and 37?
37
What is the highest common factor of 372 and 6?
6
Calculate the highest common factor of 27 and 9531.
27
Calculate the highest common divisor of 39 and 13.
13
Calculate the greatest common factor of 713 and 299.
23
What is the highest common factor of 53 and 689?
53
What is the greatest common divisor of 12280 and 20?
20
Calculate the highest common divisor of 234 and 78.
78
Calculate the highest common divisor of 99 and 264.
33
What is the highest common factor of 5108 and 4?
4
What is the greatest common factor of 1386 and 1925?
77
What is the highest common factor of 9252 and 24?
12
What is the greatest common divisor of 160 and 630?
10
What is the highest common divisor of 3834 and 710?
142
Calculate the highest common divisor of 2147 and 226.
113
What is the highes